oes 12 divide 77135364?
True
Does 72 divide 1285932456?
True
Does 109 divide 421526108?
True
Is 62239098 a multiple of 19?
True
Is 334 a factor of 1344405589?
False
Is 53427672 a multiple of 516?
True
Is 78 a factor of 3921670?
False
Is 260022737 a multiple of 79?
False
Is 857435363 a multiple of 7210?
False
Is 8066130 a multiple of 30?
True
Is 2636 a factor of 32802384?
True
Does 2 divide 4109509?
False
Is 931 a factor of 26257924?
True
Is 176293780 a multiple of 190?
True
Is 26704647 a multiple of 1159?
False
Does 470 divide 36145820?
True
Is 6 a factor of 327096801?
False
Is 686 a factor of 50466167?
False
Is 245 a factor of 108821026?
False
Is 73 a factor of 216405746?
False
Is 222113330 a multiple of 34?
True
Does 114 divide 1228075830?
True
Does 43 divide 21814401?
False
Is 52985060 a multiple of 52?
False
Does 590 divide 365090820?
True
Is 11 a factor of 30100026?
True
Is 654503060 a multiple of 34?
True
Is 11 a factor of 2607720887?
False
Is 117 a factor of 16050598?
False
Is 2217 a factor of 100438968?
True
Is 2618 a factor of 622392848?
True
Does 33 divide 558661773?
False
Does 53 divide 388387869?
True
Is 896157567 a multiple of 51?
True
Is 328873790 a multiple of 1431?
False
Is 17 a factor of 475831003?
True
Is 10238 a factor of 2345597466?
True
Is 2238 a factor of 14673426?
False
Is 14485560 a multiple of 20?
True
Is 185325259 a multiple of 69?
False
Is 641 a factor of 100474678?
False
Is 259203966 a multiple of 133?
True
Is 10 a factor of 701609932?
False
Is 12 a factor of 11409612?
True
Does 451 divide 83666173?
False
Is 197 a factor of 139039320?
False
Is 407 a factor of 936419724?
False
Is 14049168 a multiple of 24?
True
Is 76 a factor of 50196556?
True
Is 11 a factor of 33595968?
False
Is 44108994 a multiple of 114?
True
Does 5089 divide 1084873020?
True
Is 2984 a factor of 306632856?
True
Is 984 a factor of 2061190?
False
Is 10 a factor of 212169721?
False
Is 37 a factor of 6966855?
False
Does 90 divide 1175101795?
False
Does 2783 divide 48468728?
True
Does 11 divide 5156924?
False
Is 2 a factor of 4122339?
False
Is 903432758 a multiple of 51?
False
Is 10984087 a multiple of 9?
False
Does 60 divide 543110340?
True
Is 29 a factor of 50005200?
False
Does 487 divide 30053619?
False
Is 7 a factor of 182218991?
False
Is 65 a factor of 11701235?
True
Does 89 divide 1626723?
False
Is 388419716 a multiple of 3038?
False
Is 5 a factor of 19782091?
False
Is 486439448 a multiple of 123?
False
Is 2635806376 a multiple of 29?
False
Is 15 a factor of 6646626?
False
Does 340 divide 2428973710?
False
Does 74 divide 101880684?
True
Does 8 divide 203995409?
False
Is 35 a factor of 385788612?
False
Does 361 divide 90694688?
False
Is 13 a factor of 28798458?
True
Is 1499 a factor of 459981641?
True
Does 4 divide 2687267?
False
Does 3532 divide 511535414?
False
Does 6985 divide 3774201044?
False
Is 31 a factor of 273003810?
False
Is 350 a factor of 83535515?
False
Does 14 divide 70107573?
False
Is 1136 a factor of 2187414?
False
Is 285923007 a multiple of 15?
False
Is 134 a factor of 26181339?
False
Is 1387 a factor of 27113919?
False
Does 45 divide 115105375?
False
Does 183 divide 52710459?
False
Is 2469 a factor of 233735286?
False
Is 28 a factor of 1966365716?
True
Is 56 a factor of 2030375480?
True
Is 9 a factor of 623052045?
True
Does 43 divide 112231032?
True
Is 1765931 a multiple of 7?
False
Is 92631202 a multiple of 48?
False
Does 357 divide 394709196?
True
Does 7 divide 157099075?
True
Is 220304623 a multiple of 77?
True
Does 1812 divide 4617434948?
False
Is 3822600 a multiple of 300?
True
Is 62 a factor of 66114444?
True
Is 23982136 a multiple of 18?
False
Does 7 divide 2646614?
False
Does 650 divide 10126082?
False
Is 7803378 a multiple of 12?
False
Does 3131 divide 136890732?
False
Does 3052 divide 35049168?
True
Is 4828122 a multiple of 141?
True
Is 848 a factor of 1077776624?
True
Is 12052284 a multiple of 236?
True
Does 692 divide 18778551?
False
Does 62 divide 8561297?
False
Is 48448368 a multiple of 18?
True
Is 63 a factor of 45604188?
True
Does 1078 divide 1181234670?
True
Does 14 divide 54668410?
False
Is 194621876 a multiple of 142?
False
Is 29187631 a multiple of 163?
False
Does 169 divide 270464727?
True
Does 70 divide 591660270?
False
Does 30 divide 1140618328?
False
Does 144 divide 12803904?
True
Does 7 divide 897108346?
False
Is 2594 a factor of 437344141?
False
Does 12 divide 180229884?
True
Does 551 divide 41288083?
True
Does 281 divide 85761524?
False
Is 210 a factor of 2418152846?
False
Is 60556275 a multiple of 195?
True
Does 539 divide 175713743?
False
Does 80 divide 7887200?
True
Is 537049084 a multiple of 26?
True
Is 46 a factor of 21734116?
False
Is 45754850 a multiple of 364?
False
Is 1748426535 a multiple of 5505?
True
Is 177314068 a multiple of 122?
True
Is 6791556 a multiple of 501?
True
Does 4 divide 43343190?
False
Is 22 a factor of 144139160?
True
Does 4546 divide 6005202356?
True
Is 10 a factor of 31201080?
True
Does 44 divide 9182272?
True
Is 3281730 a multiple of 3569?
False
Is 45660738 a multiple of 647?
False
Does 26 divide 89102650?
True
Is 28628528 a multiple of 37?
True
Does 584 divide 75243343?
False
Is 159 a factor of 589186902?
True
Does 3 divide 82398052?
False
Is 669540998 a multiple of 27?
False
Is 434254617 a multiple of 337?
False
Is 10 a factor of 157689621?
False
Is 301520959 a multiple of 1343?
True
Does 932 divide 544805260?
True
Is 1089485562 a multiple of 187?
True
Is 34 a factor of 394525055?
False
Is 117460033 a multiple of 19?
True
Is 9 a factor of 39681041?
False
Is 17086650 a multiple of 21?
True
Does 38 divide 4588587452?
False
Does 2 divide 4234453?
False
Is 10079 a factor of 2685347970?
True
Is 63 a factor of 67820398?
False
Is 314 a factor of 1522671094?
True
Is 81566600 a multiple of 26?
False
Is 5399701 a multiple of 211?
True
Does 1745 divide 520563165?
True
Does 119 divide 61057401?
False
Is 212358828 a multiple of 44?
True
Does 11 divide 13648701?
True
Is 11228649 a multiple of 26?
False
Is 39235086 a multiple of 198?
True
Does 8 divide 3329522345?
False
Is 18 a factor of 4301464980?
False
Is 150 a factor of 13887000?
True
Is 4 a factor of 30978520?
True
Is 106624926 a multiple of 1538?
True
Does 20 divide 2257371838?
False
Is 69 a factor of 918728?
False
Is 28 a factor of 457996?
True
Is 1007 a factor of 102574755?
False
Does 3589 divide 510074945?
False
Does 73 divide 54838?
False
Does 11 divide 8133521?
True
Does 26 divide 216204716?
True
Is 751 a factor of 101040362?
False
Does 36 divide 1170285826?
False
Is 548035795 a multiple of 312?
False
Does 56 divide 9792788?
False
Does 58 divide 951899132?
True
Is 219967922 a multiple of 24?
False
Is 123468120 a multiple of 40?
True
Is 882 a factor of 102996801?
False
Does 87 divide 37186932?
True
Is 166 a factor of 129675935?
False
Does 12 divide 1615529669?
False
Is 84809119 a multiple of 1409?
True
Is 32 a factor of 104021600?
True
Is 196 a factor of 284417900?
False
Is 43977914 a multiple of 19?
False
Is 1013982204 a multiple of 261?
False
Does 45 divide 4371696540?
True
Does 1445 divide 138844777?
False
Does 38 divide 337904512?
True
Is 96522996 a multiple of 6307?
False
Is 561 a factor of 6521216?
False
Is 27766469 a multiple of 210?
False
Is 45 a factor of 104990490?
True
Is 1161738528 a multiple of 1783?
False
Is 10 a factor of 34516700?
True
Is 622873982 a multiple of 127?
False
Does 423 divide 5782410?
True
Is 112 a factor of 706208160?
True
Does 860 divide 28580523?
False
Is 9 a factor of 5717844468?
True
Does 71 divide 731934987?
False
Is 1471 a factor of 71321435?
True
Is 855 a factor of 92409171?
False
Is 57460450 even?
True
Is 201488 a multiple of 514?
True
Does 5357 divide 379589712?
False
Is 231 a factor of 17578816?
False
Is 4093 a factor of 201973178?
True
Is 23733440 a multiple of 64?
True
Is 298084138 a multiple of 1125?
False
Is 695 a factor of 80508800?
True
Is 8 a factor of 93311941?
False
Does 104 divide 1122595136?
True
Does 4 divide 158374569?
False
Is 16545108 a multiple of 12?
True
Does 116 divide 88220088?
True
Is 2578018117 a multiple of 10939?
False
Is 149016546 a multiple of 107?
True
Is 63884720 a multiple of 2060?
True
Is 58 a factor of 3023134?
True
Is 38333540 a multiple of 404?
True